[INFO] cloning repository https://github.com/ijagberg/clichess
[INFO] running `Command { std: "git" "-c" "credential.helper=" "-c" "credential.helper=/workspace/cargo-home/bin/git-credential-null" "clone" "--bare" "https://github.com/ijagberg/clichess" "/workspace/cache/git-repos/https%3A%2F%2Fgithub.com%2Fijagberg%2Fclichess", kill_on_drop: false }`
[INFO] [stderr] Cloning into bare repository '/workspace/cache/git-repos/https%3A%2F%2Fgithub.com%2Fijagberg%2Fclichess'...
[INFO] running `Command { std: "git" "rev-parse" "HEAD", kill_on_drop: false }`
[INFO] [stdout] c453e7cd01e3424b8ba7c6a7a376817ba3665599
[INFO] checking ijagberg/clichess against master#cfbc6d4cf1acbac5c025acf8ed68929caa551df3 for pr-75494-beta
[INFO] running `Command { std: "git" "clone" "/workspace/cache/git-repos/https%3A%2F%2Fgithub.com%2Fijagberg%2Fclichess" "/workspace/builds/worker-4/source", kill_on_drop: false }`
[INFO] [stderr] Cloning into '/workspace/builds/worker-4/source'...
[INFO] [stderr] done.
[INFO] validating manifest of git repo https://github.com/ijagberg/clichess on toolchain cfbc6d4cf1acbac5c025acf8ed68929caa551df3
[INFO] running `Command { std: "/workspace/cargo-home/bin/cargo" "+cfbc6d4cf1acbac5c025acf8ed68929caa551df3" "read-manifest" "--manifest-path" "Cargo.toml", kill_on_drop: false }`
[INFO] started tweaking git repo https://github.com/ijagberg/clichess
[INFO] removed path dependency game from git repo https://github.com/ijagberg/clichess
[INFO] finished tweaking git repo https://github.com/ijagberg/clichess
[INFO] tweaked toml for git repo https://github.com/ijagberg/clichess written to /workspace/builds/worker-4/source/Cargo.toml
[INFO] crate git repo https://github.com/ijagberg/clichess already has a lockfile, it will not be regenerated
[INFO] running `Command { std: "/workspace/cargo-home/bin/cargo" "+cfbc6d4cf1acbac5c025acf8ed68929caa551df3" "fetch" "--locked" "--manifest-path" "Cargo.toml", kill_on_drop: false }`
[INFO] [stderr] warning: dependency (game) specified without providing a local path, Git repository, or version to use. This will be considered an error in future versions
[INFO] [stderr]     Updating crates.io index
[INFO] [stderr] error: the lock file /workspace/builds/worker-4/source/Cargo.lock needs to be updated but --locked was passed to prevent this
[INFO] [stderr] If you want to try to generate the lock file without accessing the network, use the --offline flag.
[INFO] the lockfile is outdated, regenerating it
[INFO] running `Command { std: "/workspace/cargo-home/bin/cargo" "+cfbc6d4cf1acbac5c025acf8ed68929caa551df3" "generate-lockfile" "--manifest-path" "Cargo.toml" "-Zno-index-update", kill_on_drop: false }`
[INFO] [stderr]     Blocking waiting for file lock on package cache
[INFO] running `Command { std: "/workspace/cargo-home/bin/cargo" "+cfbc6d4cf1acbac5c025acf8ed68929caa551df3" "fetch" "--locked" "--manifest-path" "Cargo.toml", kill_on_drop: false }`
[INFO] [stderr] warning: dependency (game) specified without providing a local path, Git repository, or version to use. This will be considered an error in future versions
[INFO] [stderr]     Blocking waiting for file lock on package cache
[INFO] [stderr]  Downloading crates ...
[INFO] [stderr]   Downloaded clap v2.33.3
[INFO] [stderr]   Downloaded game v0.1.0
[INFO] [stderr]   Downloaded proc-macro-error-attr v1.0.4
[INFO] [stderr]   Downloaded version_check v0.9.2
[INFO] [stderr]   Downloaded proc-macro-error v1.0.4
[INFO] [stderr]   Downloaded structopt-derive v0.4.9
[INFO] [stderr]   Downloaded structopt v0.3.16
[INFO] running `Command { std: "docker" "create" "-v" "/var/lib/crater-agent-workspace/builds/worker-4/target:/opt/rustwide/target:rw,Z" "-v" "/var/lib/crater-agent-workspace/builds/worker-4/source:/opt/rustwide/workdir:ro,Z" "-v" "/var/lib/crater-agent-workspace/cargo-home:/opt/rustwide/cargo-home:ro,Z" "-v" "/var/lib/crater-agent-workspace/rustup-home:/opt/rustwide/rustup-home:ro,Z" "-e" "SOURCE_DIR=/opt/rustwide/workdir" "-e" "CARGO_TARGET_DIR=/opt/rustwide/target" "-e" "CARGO_HOME=/opt/rustwide/cargo-home" "-e" "RUSTUP_HOME=/opt/rustwide/rustup-home" "-w" "/opt/rustwide/workdir" "-m" "1610612736" "--user" "0:0" "--network" "none" "rustops/crates-build-env@sha256:a636fd89d022f18117e1dc8fb37a0a009933cdbbe082814857f0e2024962d47c" "/opt/rustwide/cargo-home/bin/cargo" "+cfbc6d4cf1acbac5c025acf8ed68929caa551df3" "metadata" "--no-deps" "--format-version=1", kill_on_drop: false }`
[INFO] [stderr] WARNING: Your kernel does not support swap limit capabilities or the cgroup is not mounted. Memory limited without swap.
[INFO] [stdout] 645377b78def3d196fc7f688f36a892b37544355b0d6c513475d2f99bd4cdfff
[INFO] running `Command { std: "docker" "start" "-a" "645377b78def3d196fc7f688f36a892b37544355b0d6c513475d2f99bd4cdfff", kill_on_drop: false }`
[INFO] running `Command { std: "docker" "inspect" "645377b78def3d196fc7f688f36a892b37544355b0d6c513475d2f99bd4cdfff", kill_on_drop: false }`
[INFO] running `Command { std: "docker" "rm" "-f" "645377b78def3d196fc7f688f36a892b37544355b0d6c513475d2f99bd4cdfff", kill_on_drop: false }`
[INFO] [stdout] 645377b78def3d196fc7f688f36a892b37544355b0d6c513475d2f99bd4cdfff
[INFO] running `Command { std: "docker" "create" "-v" "/var/lib/crater-agent-workspace/builds/worker-4/target:/opt/rustwide/target:rw,Z" "-v" "/var/lib/crater-agent-workspace/builds/worker-4/source:/opt/rustwide/workdir:ro,Z" "-v" "/var/lib/crater-agent-workspace/cargo-home:/opt/rustwide/cargo-home:ro,Z" "-v" "/var/lib/crater-agent-workspace/rustup-home:/opt/rustwide/rustup-home:ro,Z" "-e" "SOURCE_DIR=/opt/rustwide/workdir" "-e" "CARGO_TARGET_DIR=/opt/rustwide/target" "-e" "CARGO_INCREMENTAL=0" "-e" "RUST_BACKTRACE=full" "-e" "RUSTFLAGS=--cap-lints=forbid" "-e" "CARGO_HOME=/opt/rustwide/cargo-home" "-e" "RUSTUP_HOME=/opt/rustwide/rustup-home" "-w" "/opt/rustwide/workdir" "-m" "1610612736" "--user" "0:0" "--network" "none" "rustops/crates-build-env@sha256:a636fd89d022f18117e1dc8fb37a0a009933cdbbe082814857f0e2024962d47c" "/opt/rustwide/cargo-home/bin/cargo" "+cfbc6d4cf1acbac5c025acf8ed68929caa551df3" "check" "--frozen" "--all" "--all-targets" "--message-format=json", kill_on_drop: false }`
[INFO] [stdout] 321b848c82f63288bf85bb98acfd08438eabf1b28fea2cf97100ae77cd52d238
[INFO] [stderr] WARNING: Your kernel does not support swap limit capabilities or the cgroup is not mounted. Memory limited without swap.
[INFO] running `Command { std: "docker" "start" "-a" "321b848c82f63288bf85bb98acfd08438eabf1b28fea2cf97100ae77cd52d238", kill_on_drop: false }`
[INFO] [stderr] warning: dependency (game) specified without providing a local path, Git repository, or version to use. This will be considered an error in future versions
[INFO] [stderr]    Compiling proc-macro2 v1.0.19
[INFO] [stderr]    Compiling libc v0.2.76
[INFO] [stderr]     Checking game v0.1.0
[INFO] [stderr]    Compiling proc-macro-error-attr v1.0.4
[INFO] [stderr]    Compiling proc-macro-error v1.0.4
[INFO] [stderr]    Compiling quote v1.0.7
[INFO] [stderr]     Checking atty v0.2.14
[INFO] [stderr]     Checking clap v2.33.3
[INFO] [stderr]    Compiling syn v1.0.39
[INFO] [stderr]    Compiling structopt-derive v0.4.9
[INFO] [stderr]     Checking structopt v0.3.16
[INFO] [stderr]     Checking clichess v0.1.0 (/opt/rustwide/workdir)
[INFO] [stdout] error[E0432]: unresolved imports `game::ChessBoard`, `game::ChessIndex`, `game::Color`
[INFO] [stdout]  --> src/modes/local.rs:2:12
[INFO] [stdout]   |
[INFO] [stdout] 2 | use game::{ChessBoard, ChessIndex, Color};
[INFO] [stdout]   |            ^^^^^^^^^^  ^^^^^^^^^^  ^^^^^ no `Color` in the root
[INFO] [stdout]   |            |           |
[INFO] [stdout]   |            |           no `ChessIndex` in the root
[INFO] [stdout]   |            no `ChessBoard` in the root
[INFO] [stdout] 
[INFO] [stdout] 
[INFO] [stdout] error[E0433]: failed to resolve: use of undeclared type or module `ChessIndex`
[INFO] [stdout]   --> src/main.rs:35:31
[INFO] [stdout]    |
[INFO] [stdout] 35 |             let chess_index = ChessIndex::from((file, rank));
[INFO] [stdout]    |                               ^^^^^^^^^^ use of undeclared type or module `ChessIndex`
[INFO] [stdout] 
[INFO] [stdout] 
[INFO] [stdout] error[E0432]: unresolved imports `game::ChessBoard`, `game::ChessIndex`, `game::Color`
[INFO] [stdout]  --> src/modes/local.rs:2:12
[INFO] [stdout]   |
[INFO] [stdout] 2 | use game::{ChessBoard, ChessIndex, Color};
[INFO] [stdout]   |            ^^^^^^^^^^  ^^^^^^^^^^  ^^^^^ no `Color` in the root
[INFO] [stdout]   |            |           |
[INFO] [stdout]   |            |           no `ChessIndex` in the root
[INFO] [stdout]   |            no `ChessBoard` in the root
[INFO] [stdout] 
[INFO] [stdout] 
[INFO] [stdout] error[E0433]: failed to resolve: use of undeclared type or module `ChessIndex`
[INFO] [stdout]   --> src/main.rs:53:31
[INFO] [stdout]    |
[INFO] [stdout] 53 |             let chess_index = ChessIndex::from((file, rank));
[INFO] [stdout]    |                               ^^^^^^^^^^ use of undeclared type or module `ChessIndex`
[INFO] [stdout] 
[INFO] [stdout] 
[INFO] [stdout] error[E0412]: cannot find type `ChessBoard` in this scope
[INFO] [stdout]   --> src/main.rs:31:37
[INFO] [stdout]    |
[INFO] [stdout] 31 | fn print_whites_perspective(board: &ChessBoard) {
[INFO] [stdout]    |                                     ^^^^^^^^^^ not found in this scope
[INFO] [stdout] 
[INFO] [stdout] 
[INFO] [stdout] error[E0412]: cannot find type `ChessBoard` in this scope
[INFO] [stdout]   --> src/main.rs:49:37
[INFO] [stdout]    |
[INFO] [stdout] 49 | fn print_blacks_perspective(board: &ChessBoard) {
[INFO] [stdout]    |                                     ^^^^^^^^^^ not found in this scope
[INFO] [stdout] 
[INFO] [stdout] 
[INFO] [stdout] warning: unused import: `game::*`
[INFO] [stdout]  --> src/main.rs:3:5
[INFO] [stdout]   |
[INFO] [stdout] 3 | use game::*;
[INFO] [stdout]   |     ^^^^^^^
[INFO] [stdout]   |
[INFO] [stdout]   = note: `#[warn(unused_imports)]` on by default
[INFO] [stdout] 
[INFO] [stdout] 
[INFO] [stdout] error[E0433]: failed to resolve: use of undeclared type or module `ChessIndex`
[INFO] [stdout]   --> src/main.rs:35:31
[INFO] [stdout]    |
[INFO] [stdout] 35 |             let chess_index = ChessIndex::from((file, rank));
[INFO] [stdout]    |                               ^^^^^^^^^^ use of undeclared type or module `ChessIndex`
[INFO] [stdout] 
[INFO] [stdout] 
[INFO] [stdout] error[E0433]: failed to resolve: use of undeclared type or module `ChessIndex`
[INFO] [stdout]   --> src/main.rs:53:31
[INFO] [stdout]    |
[INFO] [stdout] 53 |             let chess_index = ChessIndex::from((file, rank));
[INFO] [stdout]    |                               ^^^^^^^^^^ use of undeclared type or module `ChessIndex`
[INFO] [stdout] 
[INFO] [stdout] 
[INFO] [stdout] error[E0412]: cannot find type `ChessBoard` in this scope
[INFO] [stdout]   --> src/main.rs:31:37
[INFO] [stdout]    |
[INFO] [stdout] 31 | fn print_whites_perspective(board: &ChessBoard) {
[INFO] [stdout]    |                                     ^^^^^^^^^^ not found in this scope
[INFO] [stdout] 
[INFO] [stdout] 
[INFO] [stdout] error[E0412]: cannot find type `ChessBoard` in this scope
[INFO] [stdout]   --> src/main.rs:49:37
[INFO] [stdout]    |
[INFO] [stdout] 49 | fn print_blacks_perspective(board: &ChessBoard) {
[INFO] [stdout]    |                                     ^^^^^^^^^^ not found in this scope
[INFO] [stdout] 
[INFO] [stdout] 
[INFO] [stdout] warning: unused import: `game::*`
[INFO] [stdout]  --> src/main.rs:3:5
[INFO] [stdout]   |
[INFO] [stdout] 3 | use game::*;
[INFO] [stdout]   |     ^^^^^^^
[INFO] [stdout]   |
[INFO] [stdout]   = note: `#[warn(unused_imports)]` on by default
[INFO] [stdout] 
[INFO] [stdout] 
[INFO] [stdout] error: aborting due to 5 previous errors; 1 warning emitted
[INFO] [stdout] 
[INFO] [stdout] 
[INFO] [stdout] Some errors have detailed explanations: E0412, E0432, E0433.
[INFO] [stdout] 
[INFO] [stdout] For more information about an error, try `rustc --explain E0412`.
[INFO] [stdout] 
[INFO] [stdout] error: aborting due to 5 previous errors; 1 warning emitted
[INFO] [stdout] 
[INFO] [stdout] 
[INFO] [stdout] Some errors have detailed explanations: E0412, E0432, E0433.
[INFO] [stdout] 
[INFO] [stdout] For more information about an error, try `rustc --explain E0412`.
[INFO] [stdout] 
[INFO] [stderr] error: could not compile `clichess`.
[INFO] [stderr] 
[INFO] [stderr] To learn more, run the command again with --verbose.
[INFO] [stderr] warning: build failed, waiting for other jobs to finish...
[INFO] [stderr] error: build failed
[INFO] running `Command { std: "docker" "inspect" "321b848c82f63288bf85bb98acfd08438eabf1b28fea2cf97100ae77cd52d238", kill_on_drop: false }`
[INFO] running `Command { std: "docker" "rm" "-f" "321b848c82f63288bf85bb98acfd08438eabf1b28fea2cf97100ae77cd52d238", kill_on_drop: false }`
[INFO] [stdout] 321b848c82f63288bf85bb98acfd08438eabf1b28fea2cf97100ae77cd52d238
